. Let j be i(8). Calculate the highest common factor of j and 352.
16
Let v(p) = -39*p**2 - 36*p**2 - 2*p + 78*p**2. Let i be v(-1). Suppose -3*w = -4*t + 60, 7 = 2*t + i*w + 3. Calculate the greatest common factor of t and 18.
6
Let m(n) = -2*n**3 + 59*n**2 + 165*n + 9. Let b be m(32). What is the greatest common factor of 637 and b?
13
Let c(l) = l**2 - 22*l + 29. Let g(r) = -2*r**2 + 42*r - 59. Let q(d) = 5*c(d) + 2*g(d). Let b be q(25). What is the highest common divisor of b and 6?
2
Suppose 3*o + 9*t = 8*t + 19501, 4*t + 25980 = 4*o. Calculate the greatest common factor of o and 67.
67
Let c = 15513 - 7155. What is the greatest common factor of 105 and c?
21
Suppose -5*l - 171 = -8*l. Let n(z) = 21*z - 5. Let o(v) = -20*v + 5. Let m(y) = 5*n(y) + 4*o(y). Let p be m(4). Calculate the highest common factor of p and l.
19
Let c be 1/((2/(-8))/(186/24)). Let z(m) = -m**3 - 30*m**2 + 29*m + 62. Let x be z(c). Calculate the highest common divisor of 31 and x.
31
Let s = 45 - 45. Suppose -f - 3 = 5*z - s*f, 4*z + 10 = 3*f. Let t be z/(-1) - (-68 + -6). Calculate the greatest common divisor of 30 and t.
15
Let c(j) = -j**3 + 113*j**2 + 123*j - 843. Let n be c(114). Calculate the highest common divisor of n and 2989.
61
Let o be ((25 + -12 + 11)*-16)/((-3)/58). Calculate the highest common divisor of o and 96.
32
Let h be (-930)/20 + 12/(-8). Suppose -5*q - x - 37 = 0, -2*x = x - 9. Let f = q - h. Calculate the highest common factor of f and 16.
8
Suppose -12*v + 9*v = -6*v + 27. Let d = 8 - -64. Calculate the highest common factor of d and v.
9
Let a(m) = 231*m**2 - 652*m - 5. Let v be a(3). Suppose 0 = -2*n + 3 + 5. What is the highest common divisor of v and n?
2
Suppose 16 = -4*s, -112 = -2*y + 116*s - 120*s. What is the highest common divisor of 8672 and y?
32
Let o(i) = -215*i - 510. Let w be o(-6). What is the highest common factor of w and 117?
39
Let t = 3349 - 3335. What is the greatest common factor of t and 315?
7
Suppose 29*l = 23*l + 108. Suppose l*t - 16*t = 6. Suppose -t*h + h - n = -21, 4*h = -4*n + 48. What is the highest common divisor of h and 2?
1
Let q be 5 + 102/(-18) - (-64)/6. Let v be (0 + 0)*q/20 - 0. Let y be 3 + 4 + (v - -1). What is the greatest common factor of y and 12?
4
Suppose 14*w = -23*w + 43*w - 13284. What is the greatest common factor of 82 and w?
82
Let k(x) = -x**3 + x**2 + 83*x - 53. Let s be k(-9). Calculate the greatest common factor of s and 770.
10
Suppose -65*f + 4*k = -64*f - 540, 5*f + 4*k - 2820 = 0. What is the highest common factor of 880 and f?
80
Suppose 606 = -6*o - 366. Let d = o + 213. What is the highest common factor of 51 and d?
51
Suppose 3*x + 24 + 51 = 4*u, -2*x - 2 = 0. Suppose -114 + 117 = 2*i + 5*k, 4*i + 3*k = 69. Calculate the greatest common divisor of u and i.
6
Let g(z) = 5*z**2 + 48*z + 20. Let f be g(-11). Suppose -4*c + 39 = 4*p - f, 92 = 3*c - 2*p. Calculate the greatest common factor of c and 16.
16
Suppose 4*r - 6 = 14. Suppose r*n + 1014 = 1019. Calculate the greatest common divisor of 23 and n.
1
Let r(h) = -9*h + 2659. Let l be r(-44). What is the highest common divisor of l and 2115?
235
Suppose -31 = -5*n - 241. Let t be (-57)/2*392/n. Let v = -172 + t. What is the highest common factor of v and 47?
47
Let i = 3 + 2. Let p = 195 - 193. Suppose -102 = -2*g + 2*j, p*g + j = -0*j + 114. Calculate the highest common factor of i and g.
5
Suppose -z + 4*y + 230 = 0, -2*z + 3*z - 205 = -y. Let j be (-2624)/(-18) - (-20)/90 - 6. What is the highest common factor of j and z?
70
Let s be 4*(42/(-8))/(-7). Suppose -y + 598 = s*r, 2*r + 2*y - 461 = -57. Let x be (-72)/2*1/(-2). Calculate the greatest common divisor of r and x.
18
Suppose h = -3*h + 36. Suppose 10*i - 3*s - 18 = 5*i, -5*s = 5. Let f = i - -15. Calculate the highest common factor of f and h.
9
Let h be 4550/(-4)*(-15 + 1512/120). Calculate the greatest common divisor of 351 and h.
39
Suppose 98 = -k + 22. Let d be -7 - k/10 - (-794)/10. What is the highest common factor of 10 and d?
10
Let o(h) = 669*h - 15380. Let x be o(23). What is the greatest common divisor of 14119 and x?
7
Let s = 53 - 19. Suppose 9*w - 63 = 78 + 930. Calculate the highest common divisor of s and w.
17
Let j be (-24)/((-1)/(-2)*(10 - 12)). Let l(p) = 2*p - 33 - 13*p - 4*p - j. Let c be l(-5). Calculate the greatest common factor of 126 and c.
18
Let a be (-5 + (-104)/(-16))*354. Let l = a - 501. Calculate the greatest common factor of 120 and l.
30
Suppose 3*g + 0*k - 68 = 5*k, 0 = -g + k + 20. Let r be (-63)/7*(-32)/6. Suppose -50*q + r = -47*q. What is the greatest common factor of q and g?
16
Let d(p) = p**2 - 136*p + 3162. Let a be d(25). Calculate the greatest common divisor of a and 9546.
129
Let d = 31 - 9. Suppose 20*n + 14 = d*n. Suppose -2*x + 5 = -n. Calculate the highest common divisor of 24 and x.
6
Let b = 219 - 215. Suppose 3*f - b*y - 118 + 25 = 0, -3*f + y + 102 = 0. What is the highest common factor of f and 40?
5
Let v be ((-7888)/(-68))/(3/123). Calculate the greatest common divisor of v and 116.
116
Suppose -10*l = 2*l - 132. Let r be (l - (-6 - -1)) + -2. What is the greatest common factor of 6 and r?
2
Suppose -4*s + 263 = 5*m, -66*s + 5*m = -68*s + 119. Calculate the greatest common factor of 600 and s.
24
Suppose -21*y - 23142 = -54*y - 25*y. What is the highest common factor of 2223 and y?
57
Suppose -90 = -3*z - 3*n, -3*z + 8*z - 2*n = 129. Suppose 0 = z*d - 21*d - 1122. What is the greatest common factor of 34 and d?
17
Let b(x) = -137*x - 2044. Let i be b(-20). What is the greatest common divisor of i and 3364?
116
Suppose -i + 57 = -3*c, 5*c + 71 + 39 = 2*i. Calculate the highest common factor of i and 279.
9
Suppose 482 = 2*g - 314. Suppose -610 = -5*b - 4*k + g, -2*b - 5*k + 393 = 0. What is the greatest common factor of b and 255?
51
Suppose -56 - 84 = -35*a. Suppose 2125 = a*f - 5*r, 2610 = 5*f + 48*r - 45*r. Calculate the highest common factor of 150 and f.
75
Suppose 64*w + 162 = 67*w. Suppose 4*s + 254 = 3*i - 0*s, -5*i + 454 = s. What is the highest common factor of w and i?
18
Suppose -80640 = 688*m - 712*m. What is the greatest common divisor of m and 252?
84
Let a be (-27097)/(-42) - (-18)/(-108). Calculate the highest common divisor of 6665 and a.
215
Let q(p) = p**3 - 63*p**2 - 686*p + 9. Let k be q(-9). Calculate the highest common factor of 1950 and k.
39
Let v be (-3 + (-6876)/(-20))/((-13)/(4160/(-24))). What is the highest common divisor of 192 and v?
64
Let w be (-19)/(-570)*546 - (-8)/10. What is the highest common factor of w and 437?
19
Let y(w) = w**2 + 16*w + 89. Suppose 85 + 50 = -9*t. Let a be y(t). What is the highest common divisor of 111 and a?
37
Let l = -64 - -73. Suppose -11*u + 90 = -l. What is the greatest common factor of u and 15?
3
Suppose -444*x - 12259 = -1387*x. Let i(r) = r**2 + 4*r + 2. Let a be i(-4). What is the greatest common factor of x and a?
1
Suppose -3*l + 21 = x, -2*l - 16 + 150 = 4*x. Let t = 44 - x. Suppose -8*d = -6*d - t. Calculate the highest common factor of 32 and d.
4
Suppose -2*t + t + 8 = 0. Let m be (-3 - -2)*(150 - 162). Calculate the highest common factor of t and m.
4
Let i = -28 - -72. Let h be (-3 - -2*(-15)/(-4))*12. Let v = h + 1. Calculate the highest common factor of v and i.
11
Suppose -7*g - 9*g = -4*g - 2448. Calculate the highest common factor of g and 51.
51
Let d be (150/14 + -3)/(3/28). Let s = d - 71. Calculate the highest common divisor of s and 1.
1
Let q = -276 - -125. Suppose -29*t = 4131 + 3380. Let b = q - t. What is the highest common divisor of b and 12?
12
Let x = 210 - 219. Let d be 5/(-75)*x*25. What is the highest common factor of 45 and d?
15
Let o be 6 + -6 - 6/(-3). Suppose 0 = -2*f + 4*n + 190, n - 15 = -o*n. What is the greatest common factor of 30 and f?
15
Let j(m) = 7*m**3 - m**2. Let d be 0 + (-15)/(-21) + (-2)/(-7). Let y be j(d). Calculate the highest common factor of 2 and y.
2
Let h(t) = -3*t**2 - 488*t - 6209. Let c be h(-14). Let d be 5*(118 + (-1)/(-1)). What is the highest common factor of d and c?
35
Let v(j) = 2*j**2 + 24*j - 4. Let z(i) = -28*i + 121. Let x be z(4). Let g be v(x). What is the greatest common divisor of g and 68?
34
Let f(w) = 18*w**2 + 14*w + 120. Let z be f(-5). Suppose 7*m - 